
{"id":6816,"date":"2021-07-19T12:42:48","date_gmt":"2021-07-19T17:42:48","guid":{"rendered":"http:\/\/165.227.80.19\/californiaedit\/?post_type=product&#038;p=6816"},"modified":"2023-08-10T03:10:38","modified_gmt":"2023-08-10T08:10:38","slug":"el-desarrollo-cognitivo-se-reorganiza-emergencia-cambio-metaforas-visuales-autorregulacion","status":"publish","type":"product","link":"https:\/\/california-edit.com\/index.php\/product\/el-desarrollo-cognitivo-se-reorganiza-emergencia-cambio-metaforas-visuales-autorregulacion\/","title":{"rendered":"El desarrollo cognitivo se reorganiza, Emergencia Cambio, Met\u00e1foras Visuales, Autorregulaci\u00f3n"},"content":{"rendered":"<p>Este ebook muestra como \u201cEl razonamiento est\u00e1 al servicio del conocimiento, de la comprensi\u00f3n de fen\u00f3menos y problemas para los que no es f\u00e1cil encontrar una explicaci\u00f3n\u201d L.Chavez<\/p>\n","protected":false},"excerpt":{"rendered":"<p>Este texto tiene varias novedades. Es el resultado de las\u00a0investigaciones en el transcurso del primer doctorado que se cre\u00f3 en Colombia. Inaugura en la psicolog\u00eda del pa\u00eds,\u00a0conceptualizaciones desde los sistemas din\u00e1micos no lineales. Se presentan estudios sobre la emergencia de la\u00a0situaci\u00f3n de resoluci\u00f3n de problemas en infantes caminadores, los procesos de comprensi\u00f3n de la met\u00e1fora\u00a0visuales, y la autoregualci\u00f3n en el razonamiento cient\u00edfico, y algunas muestras de estudios sobre humor. Finalmente lo\u00a0edita una alianza de dos Universidades donde hoy en d\u00eda trabajan algunos de esos investigadores la de San\u00a0Buenaventura en Cali y la Aut\u00f3noma de Occidente (UAO) y una editorial digital California-edit. Se ofrece en formato\u00a0impreso as\u00ed como ebook. Por eso se dice en forma provocadora que reorganiz\u00f3 los estudios del desarrollo.<\/p>\n<p><strong>Tabla de contenido<\/strong><\/p>\n<p class=\"p30\">CAP\u00cdTULO 1 Estudios de desarrollo cognitivo: antes y despu\u00e9s del encuentro con los sistemas din\u00e1micos<\/p>\n<p class=\"p30\">CAP\u00cdTULO 2 Emergencia del cambio: dos casos ilustrativos desde los sistemas din\u00e1micos no lineales<\/p>\n<p class=\"p30\">CAP\u00cdTULO 3 Met\u00e1foras visuales, abducci\u00f3n y sistemas din\u00e1micos no lineales<\/p>\n<p class=\"p30\">CAP\u00cdTULO 4 M\u00e1s all\u00e1 del control central: una aproximaci\u00f3n a la autorregulaci\u00f3n en la experimentaci\u00f3n desde los sistemas din\u00e1micos<\/p>\n","protected":false},"featured_media":6818,"comment_status":"open","ping_status":"closed","template":"","meta":{"_monsterinsights_skip_tracking":false,"_monsterinsights_sitenote_active":false,"_monsterinsights_sitenote_note":"","_monsterinsights_sitenote_category":0},"product_cat":[15],"product_tag":[],"class_list":["post-6816","product","type-product","status-publish","has-post-thumbnail","hentry","product_cat-sin-categoria"],"yoast_head":"<!-- This site is optimized with the Yoast SEO plugin v16.6.1 - https:\/\/yoast.com\/wordpress\/plugins\/seo\/ -->\n<title>El desarrollo cognitivo se reorganiza, Emergencia Cambio, Met\u00e1foras Visuales, Autorregulaci\u00f3n - california-edit<\/title>\n<meta name=\"robots\" content=\"index, follow, max-snippet:-1, max-image-preview:large, max-video-preview:-1\" \/>\n<link rel=\"canonical\" href=\"https:\/\/california-edit.com\/index.php\/product\/el-desarrollo-cognitivo-se-reorganiza-emergencia-cambio-metaforas-visuales-autorregulacion\/\" \/>\n<meta property=\"og:locale\" content=\"es_ES\" \/>\n<meta property=\"og:type\" content=\"article\" \/>\n<meta property=\"og:title\" content=\"El desarrollo cognitivo se reorganiza, Emergencia Cambio, Met\u00e1foras Visuales, Autorregulaci\u00f3n - california-edit\" \/>\n<meta property=\"og:description\" content=\"Este texto tiene varias novedades. Es el resultado de las\u00a0investigaciones en el transcurso del primer doctorado que se cre\u00f3 en Colombia. Inaugura en la psicolog\u00eda del pa\u00eds,\u00a0conceptualizaciones desde los sistemas din\u00e1micos no lineales. Se presentan estudios sobre la emergencia de la\u00a0situaci\u00f3n de resoluci\u00f3n de problemas en infantes caminadores, los procesos de comprensi\u00f3n de la met\u00e1fora\u00a0visuales, y la autoregualci\u00f3n en el razonamiento cient\u00edfico, y algunas muestras de estudios sobre humor. Finalmente lo\u00a0edita una alianza de dos Universidades donde hoy en d\u00eda trabajan algunos de esos investigadores la de San\u00a0Buenaventura en Cali y la Aut\u00f3noma de Occidente (UAO) y una editorial digital California-edit. Se ofrece en formato\u00a0impreso as\u00ed como ebook. Por eso se dice en forma provocadora que reorganiz\u00f3 los estudios del desarrollo.  Tabla de contenido CAP\u00cdTULO 1 Estudios de desarrollo cognitivo: antes y despu\u00e9s del encuentro con los sistemas din\u00e1micos CAP\u00cdTULO 2 Emergencia del cambio: dos casos ilustrativos desde los sistemas din\u00e1micos no lineales CAP\u00cdTULO 3 Met\u00e1foras visuales, abducci\u00f3n y sistemas din\u00e1micos no lineales CAP\u00cdTULO 4 M\u00e1s all\u00e1 del control central: una aproximaci\u00f3n a la autorregulaci\u00f3n en la experimentaci\u00f3n desde los sistemas din\u00e1micos\" \/>\n<meta property=\"og:url\" content=\"https:\/\/california-edit.com\/index.php\/product\/el-desarrollo-cognitivo-se-reorganiza-emergencia-cambio-metaforas-visuales-autorregulacion\/\" \/>\n<meta property=\"og:site_name\" content=\"california-edit\" \/>\n<meta property=\"article:publisher\" content=\"https:\/\/www.facebook.com\/califoniaedit\/\" \/>\n<meta property=\"article:modified_time\" content=\"2023-08-10T08:10:38+00:00\" \/>\n<meta property=\"og:image\" content=\"https:\/\/california-edit.com\/wp-content\/uploads\/2021\/07\/el-desarrollo-se-reorganiza.jpg\" \/>\n\t<meta property=\"og:image:width\" content=\"600\" \/>\n\t<meta property=\"og:image:height\" content=\"800\" \/>\n<meta name=\"twitter:card\" content=\"summary_large_image\" \/>\n<meta name=\"twitter:label1\" content=\"Tiempo estimado de lectura\" \/>\n\t<meta name=\"twitter:data1\" content=\"1 minuto\" \/>\n<script type=\"application\/ld+json\" class=\"yoast-schema-graph\">{\"@context\":\"https:\/\/schema.org\",\"@graph\":[{\"@type\":\"Organization\",\"@id\":\"https:\/\/california-edit.com\/#organization\",\"name\":\"California edit\",\"url\":\"https:\/\/california-edit.com\/\",\"sameAs\":[\"https:\/\/www.facebook.com\/califoniaedit\/\",\"https:\/\/www.instagram.com\/californiaedit\/\"],\"logo\":{\"@type\":\"ImageObject\",\"@id\":\"https:\/\/california-edit.com\/#logo\",\"inLanguage\":\"es-CO\",\"url\":\"https:\/\/california-edit.com\/wp-content\/uploads\/2021\/07\/logo.png\",\"contentUrl\":\"https:\/\/california-edit.com\/wp-content\/uploads\/2021\/07\/logo.png\",\"width\":872,\"height\":250,\"caption\":\"California edit\"},\"image\":{\"@id\":\"https:\/\/california-edit.com\/#logo\"}},{\"@type\":\"WebSite\",\"@id\":\"https:\/\/california-edit.com\/#website\",\"url\":\"https:\/\/california-edit.com\/\",\"name\":\"california-edit\",\"description\":\"California edit es una plataforma para la creaci\\u00f3n, y divulgaci\\u00f3n de contenidos digitales.\",\"publisher\":{\"@id\":\"https:\/\/california-edit.com\/#organization\"},\"potentialAction\":[{\"@type\":\"SearchAction\",\"target\":{\"@type\":\"EntryPoint\",\"urlTemplate\":\"https:\/\/california-edit.com\/?s={search_term_string}\"},\"query-input\":\"required name=search_term_string\"}],\"inLanguage\":\"es-CO\"},{\"@type\":\"ImageObject\",\"@id\":\"https:\/\/california-edit.com\/index.php\/product\/el-desarrollo-cognitivo-se-reorganiza-emergencia-cambio-metaforas-visuales-autorregulacion\/#primaryimage\",\"inLanguage\":\"es-CO\",\"url\":\"https:\/\/california-edit.com\/wp-content\/uploads\/2021\/07\/el-desarrollo-se-reorganiza.jpg\",\"contentUrl\":\"https:\/\/california-edit.com\/wp-content\/uploads\/2021\/07\/el-desarrollo-se-reorganiza.jpg\",\"width\":600,\"height\":800},{\"@type\":\"WebPage\",\"@id\":\"https:\/\/california-edit.com\/index.php\/product\/el-desarrollo-cognitivo-se-reorganiza-emergencia-cambio-metaforas-visuales-autorregulacion\/#webpage\",\"url\":\"https:\/\/california-edit.com\/index.php\/product\/el-desarrollo-cognitivo-se-reorganiza-emergencia-cambio-metaforas-visuales-autorregulacion\/\",\"name\":\"El desarrollo cognitivo se reorganiza, Emergencia Cambio, Met\\u00e1foras Visuales, Autorregulaci\\u00f3n - california-edit\",\"isPartOf\":{\"@id\":\"https:\/\/california-edit.com\/#website\"},\"primaryImageOfPage\":{\"@id\":\"https:\/\/california-edit.com\/index.php\/product\/el-desarrollo-cognitivo-se-reorganiza-emergencia-cambio-metaforas-visuales-autorregulacion\/#primaryimage\"},\"datePublished\":\"2021-07-19T17:42:48+00:00\",\"dateModified\":\"2023-08-10T08:10:38+00:00\",\"breadcrumb\":{\"@id\":\"https:\/\/california-edit.com\/index.php\/product\/el-desarrollo-cognitivo-se-reorganiza-emergencia-cambio-metaforas-visuales-autorregulacion\/#breadcrumb\"},\"inLanguage\":\"es-CO\",\"potentialAction\":[{\"@type\":\"ReadAction\",\"target\":[\"https:\/\/california-edit.com\/index.php\/product\/el-desarrollo-cognitivo-se-reorganiza-emergencia-cambio-metaforas-visuales-autorregulacion\/\"]}]},{\"@type\":\"BreadcrumbList\",\"@id\":\"https:\/\/california-edit.com\/index.php\/product\/el-desarrollo-cognitivo-se-reorganiza-emergencia-cambio-metaforas-visuales-autorregulacion\/#breadcrumb\",\"itemListElement\":[{\"@type\":\"ListItem\",\"position\":1,\"name\":\"Home\",\"item\":\"https:\/\/california-edit.com\/\"},{\"@type\":\"ListItem\",\"position\":2,\"name\":\"Shop\",\"item\":\"https:\/\/california-edit.com\/index.php\/shop\/\"},{\"@type\":\"ListItem\",\"position\":3,\"name\":\"El desarrollo cognitivo se reorganiza, Emergencia Cambio, Met\\u00e1foras Visuales, Autorregulaci\\u00f3n\"}]}]}<\/script>\n<!-- \/ Yoast SEO plugin. -->","_links":{"self":[{"href":"https:\/\/california-edit.com\/index.php\/wp-json\/wp\/v2\/product\/6816","targetHints":{"allow":["GET"]}}],"collection":[{"href":"https:\/\/california-edit.com\/index.php\/wp-json\/wp\/v2\/product"}],"about":[{"href":"https:\/\/california-edit.com\/index.php\/wp-json\/wp\/v2\/types\/product"}],"replies":[{"embeddable":true,"href":"https:\/\/california-edit.com\/index.php\/wp-json\/wp\/v2\/comments?post=6816"}],"wp:featuredmedia":[{"embeddable":true,"href":"https:\/\/california-edit.com\/index.php\/wp-json\/wp\/v2\/media\/6818"}],"wp:attachment":[{"href":"https:\/\/california-edit.com\/index.php\/wp-json\/wp\/v2\/media?parent=6816"}],"wp:term":[{"taxonomy":"product_cat","embeddable":true,"href":"https:\/\/california-edit.com\/index.php\/wp-json\/wp\/v2\/product_cat?post=6816"},{"taxonomy":"product_tag","embeddable":true,"href":"https:\/\/california-edit.com\/index.php\/wp-json\/wp\/v2\/product_tag?post=6816"}],"curies":[{"name":"wp","href":"https:\/\/api.w.org\/{rel}","templated":true}]}}