
{"id":6798,"date":"2021-07-19T11:56:53","date_gmt":"2021-07-19T16:56:53","guid":{"rendered":"http:\/\/165.227.80.19\/californiaedit\/?post_type=product&#038;p=6798"},"modified":"2026-03-23T21:05:25","modified_gmt":"2026-03-24T02:05:25","slug":"de-la-prevencion-y-otras-historias","status":"publish","type":"product","link":"https:\/\/california-edit.com\/index.php\/product\/de-la-prevencion-y-otras-historias\/","title":{"rendered":"De la prevenci\u00f3n y otras historias"},"content":{"rendered":"<p>Este libro es un esfuerzo pionero e innovador. Es una de las primeras veces que se re\u00fane la historia de los estudios sobre prevenci\u00f3n en buena parte de los pa\u00edses de Am\u00e9rica Latina y Europa. Esa visi\u00f3n global y comparativa ser\u00e1 una referencia para cualquier intento de pol\u00edtica publica, pero igualmente para comprender un fen\u00f3meno tan complejo como la prevenci\u00f3n de las adicciones.<\/p>\n","protected":false},"excerpt":{"rendered":"<p>Este libro es un esfuerzo pionero e innovador. Es una de las primeras veces que se re\u00fane la historia de los estudios sobre prevenci\u00f3n en buena parte de los pa\u00edses de Am\u00e9rica Latina y Europa. Esa visi\u00f3n global y comparativa ser\u00e1 una referencia para cualquier intento de pol\u00edtica publica, pero igualmente para comprender un fen\u00f3meno tan complejo como la prevenci\u00f3n de las adicciones. Se dice que para entender un fen\u00f3meno es necesario trazar su evoluci\u00f3n y eso es justamente lo que hace este ebook.<\/p>\n<p>Aqu\u00ed se encuentra la historia y el estado de la investigaci\u00f3n y publicaciones, y las proyecciones al futuro de la prevenci\u00f3n de las drogas. La labor de entregar una misma estructura para cada cap\u00edtulo, tarea nada f\u00e1cil, se lleva a cabo de manera sistem\u00e1tica para los nueve pa\u00edses de AL a la que se a\u00f1ade una mirada general de la prevenci\u00f3n en Europa. Esos pa\u00edses son Argentina, Brasil, Chile, Colombia, Costa Rica, El Salvador, M\u00e9xico, Per\u00fa y Uruguay.<\/p>\n<p>En cada uno de esos pa\u00edses y para Europa, reconocidos expertos asumen esa tarea y el resultado es una visi\u00f3n de conjunto sobre la prevenci\u00f3n que sin duda marcar\u00e1 un hito.<\/p>\n","protected":false},"featured_media":6800,"comment_status":"open","ping_status":"closed","template":"","meta":{"_monsterinsights_skip_tracking":false,"_monsterinsights_sitenote_active":false,"_monsterinsights_sitenote_note":"","_monsterinsights_sitenote_category":0},"product_cat":[194],"product_tag":[],"class_list":["post-6798","product","type-product","status-publish","has-post-thumbnail","hentry","product_cat-gratuito"],"yoast_head":"<!-- This site is optimized with the Yoast SEO plugin v16.6.1 - https:\/\/yoast.com\/wordpress\/plugins\/seo\/ -->\n<title>De la prevenci\u00f3n y otras historias - california-edit<\/title>\n<meta name=\"robots\" content=\"index, follow, max-snippet:-1, max-image-preview:large, max-video-preview:-1\" \/>\n<link rel=\"canonical\" href=\"https:\/\/california-edit.com\/index.php\/product\/de-la-prevencion-y-otras-historias\/\" \/>\n<meta property=\"og:locale\" content=\"es_ES\" \/>\n<meta property=\"og:type\" content=\"article\" \/>\n<meta property=\"og:title\" content=\"De la prevenci\u00f3n y otras historias - california-edit\" \/>\n<meta property=\"og:description\" content=\"Este libro es un esfuerzo pionero e innovador. Es una de las primeras veces que se re\u00fane la historia de los estudios sobre prevenci\u00f3n en buena parte de los pa\u00edses de Am\u00e9rica Latina y Europa. Esa visi\u00f3n global y comparativa ser\u00e1 una referencia para cualquier intento de pol\u00edtica publica, pero igualmente para comprender un fen\u00f3meno tan complejo como la prevenci\u00f3n de las adicciones. Se dice que para entender un fen\u00f3meno es necesario trazar su evoluci\u00f3n y eso es justamente lo que hace este ebook.  Aqu\u00ed se encuentra la historia y el estado de la investigaci\u00f3n y publicaciones, y las proyecciones al futuro de la prevenci\u00f3n de las drogas. La labor de entregar una misma estructura para cada cap\u00edtulo, tarea nada f\u00e1cil, se lleva a cabo de manera sistem\u00e1tica para los nueve pa\u00edses de AL a la que se a\u00f1ade una mirada general de la prevenci\u00f3n en Europa. Esos pa\u00edses son Argentina, Brasil, Chile, Colombia, Costa Rica, El Salvador, M\u00e9xico, Per\u00fa y Uruguay.  En cada uno de esos pa\u00edses y para Europa, reconocidos expertos asumen esa tarea y el resultado es una visi\u00f3n de conjunto sobre la prevenci\u00f3n que sin duda marcar\u00e1 un hito.\" \/>\n<meta property=\"og:url\" content=\"https:\/\/california-edit.com\/index.php\/product\/de-la-prevencion-y-otras-historias\/\" \/>\n<meta property=\"og:site_name\" content=\"california-edit\" \/>\n<meta property=\"article:publisher\" content=\"https:\/\/www.facebook.com\/califoniaedit\/\" \/>\n<meta property=\"article:modified_time\" content=\"2026-03-24T02:05:25+00:00\" \/>\n<meta property=\"og:image\" content=\"https:\/\/california-edit.com\/wp-content\/uploads\/2021\/07\/cover-de-la-prevencion-y-otras-historias.jpg\" \/>\n\t<meta property=\"og:image:width\" content=\"400\" \/>\n\t<meta property=\"og:image:height\" content=\"530\" \/>\n<meta name=\"twitter:card\" content=\"summary_large_image\" \/>\n<meta name=\"twitter:label1\" content=\"Tiempo estimado de lectura\" \/>\n\t<meta name=\"twitter:data1\" content=\"1 minuto\" \/>\n<script type=\"application\/ld+json\" class=\"yoast-schema-graph\">{\"@context\":\"https:\/\/schema.org\",\"@graph\":[{\"@type\":\"Organization\",\"@id\":\"https:\/\/california-edit.com\/#organization\",\"name\":\"California edit\",\"url\":\"https:\/\/california-edit.com\/\",\"sameAs\":[\"https:\/\/www.facebook.com\/califoniaedit\/\",\"https:\/\/www.instagram.com\/californiaedit\/\"],\"logo\":{\"@type\":\"ImageObject\",\"@id\":\"https:\/\/california-edit.com\/#logo\",\"inLanguage\":\"es-CO\",\"url\":\"https:\/\/california-edit.com\/wp-content\/uploads\/2021\/07\/logo.png\",\"contentUrl\":\"https:\/\/california-edit.com\/wp-content\/uploads\/2021\/07\/logo.png\",\"width\":872,\"height\":250,\"caption\":\"California edit\"},\"image\":{\"@id\":\"https:\/\/california-edit.com\/#logo\"}},{\"@type\":\"WebSite\",\"@id\":\"https:\/\/california-edit.com\/#website\",\"url\":\"https:\/\/california-edit.com\/\",\"name\":\"california-edit\",\"description\":\"California edit es una plataforma para la creaci\\u00f3n, y divulgaci\\u00f3n de contenidos digitales.\",\"publisher\":{\"@id\":\"https:\/\/california-edit.com\/#organization\"},\"potentialAction\":[{\"@type\":\"SearchAction\",\"target\":{\"@type\":\"EntryPoint\",\"urlTemplate\":\"https:\/\/california-edit.com\/?s={search_term_string}\"},\"query-input\":\"required name=search_term_string\"}],\"inLanguage\":\"es-CO\"},{\"@type\":\"ImageObject\",\"@id\":\"https:\/\/california-edit.com\/index.php\/product\/de-la-prevencion-y-otras-historias\/#primaryimage\",\"inLanguage\":\"es-CO\",\"url\":\"https:\/\/california-edit.com\/wp-content\/uploads\/2021\/07\/cover-de-la-prevencion-y-otras-historias.jpg\",\"contentUrl\":\"https:\/\/california-edit.com\/wp-content\/uploads\/2021\/07\/cover-de-la-prevencion-y-otras-historias.jpg\",\"width\":400,\"height\":530},{\"@type\":\"WebPage\",\"@id\":\"https:\/\/california-edit.com\/index.php\/product\/de-la-prevencion-y-otras-historias\/#webpage\",\"url\":\"https:\/\/california-edit.com\/index.php\/product\/de-la-prevencion-y-otras-historias\/\",\"name\":\"De la prevenci\\u00f3n y otras historias - california-edit\",\"isPartOf\":{\"@id\":\"https:\/\/california-edit.com\/#website\"},\"primaryImageOfPage\":{\"@id\":\"https:\/\/california-edit.com\/index.php\/product\/de-la-prevencion-y-otras-historias\/#primaryimage\"},\"datePublished\":\"2021-07-19T16:56:53+00:00\",\"dateModified\":\"2026-03-24T02:05:25+00:00\",\"breadcrumb\":{\"@id\":\"https:\/\/california-edit.com\/index.php\/product\/de-la-prevencion-y-otras-historias\/#breadcrumb\"},\"inLanguage\":\"es-CO\",\"potentialAction\":[{\"@type\":\"ReadAction\",\"target\":[\"https:\/\/california-edit.com\/index.php\/product\/de-la-prevencion-y-otras-historias\/\"]}]},{\"@type\":\"BreadcrumbList\",\"@id\":\"https:\/\/california-edit.com\/index.php\/product\/de-la-prevencion-y-otras-historias\/#breadcrumb\",\"itemListElement\":[{\"@type\":\"ListItem\",\"position\":1,\"name\":\"Home\",\"item\":\"https:\/\/california-edit.com\/\"},{\"@type\":\"ListItem\",\"position\":2,\"name\":\"Shop\",\"item\":\"https:\/\/california-edit.com\/index.php\/shop\/\"},{\"@type\":\"ListItem\",\"position\":3,\"name\":\"De la prevenci\\u00f3n y otras historias\"}]}]}<\/script>\n<!-- \/ Yoast SEO plugin. -->","_links":{"self":[{"href":"https:\/\/california-edit.com\/index.php\/wp-json\/wp\/v2\/product\/6798","targetHints":{"allow":["GET"]}}],"collection":[{"href":"https:\/\/california-edit.com\/index.php\/wp-json\/wp\/v2\/product"}],"about":[{"href":"https:\/\/california-edit.com\/index.php\/wp-json\/wp\/v2\/types\/product"}],"replies":[{"embeddable":true,"href":"https:\/\/california-edit.com\/index.php\/wp-json\/wp\/v2\/comments?post=6798"}],"wp:featuredmedia":[{"embeddable":true,"href":"https:\/\/california-edit.com\/index.php\/wp-json\/wp\/v2\/media\/6800"}],"wp:attachment":[{"href":"https:\/\/california-edit.com\/index.php\/wp-json\/wp\/v2\/media?parent=6798"}],"wp:term":[{"taxonomy":"product_cat","embeddable":true,"href":"https:\/\/california-edit.com\/index.php\/wp-json\/wp\/v2\/product_cat?post=6798"},{"taxonomy":"product_tag","embeddable":true,"href":"https:\/\/california-edit.com\/index.php\/wp-json\/wp\/v2\/product_tag?post=6798"}],"curies":[{"name":"wp","href":"https:\/\/api.w.org\/{rel}","templated":true}]}}